3. Calculate the highest common divisor of w and 301.
7
Suppose 9*p - 11013 - 1461 = 0. Calculate the greatest common factor of 308 and p.
154
Let y be ((-14)/6)/(4/(-24)). Let d = -5 + y. Suppose 0 = 22*r - 7*r - 15. Calculate the greatest common factor of d and r.
1
Let h(s) = 101 - s**2 - 58 + 101. Let c be h(10). What is the greatest common divisor of c and 4?
4
Suppose 0 = -3*t - 4*z + 21059, -6977 = 3820*t - 3821*t + 4*z. Calculate the greatest common factor of t and 86.
43
Suppose 0 = -12*g + 276 + 384. What is the highest common divisor of 65 and g?
5
Let z be (-7722)/(-99) - (7 + -1). Suppose 6*t - 4*t - 32 = 0. Calculate the highest common factor of t and z.
8
Suppose -3*g + 14*g = 55. Suppose 5*b + g*h - 76 = 304, -308 = -4*b - 5*h. Calculate the highest common factor of 8 and b.
8
Let t(s) = s**3 - 31*s**2 - 24*s + 172. Let i be t(32). Let a = i - 228. Calculate the greatest common divisor of a and 25.
25
Suppose 0 = 5*m + 3 - 8. Suppose -6*k + 11 + m = 0. Suppose -k*d + 5 = -3*d - 2*v, 0 = -5*d + 5*v + 35. What is the greatest common factor of d and 3?
3
Suppose -18*b + 7*b = -33. Suppose -4*u + 152 = 5*p, 0*p + 190 = 5*u - b*p. What is the greatest common divisor of u and 152?
38
Let u = -3576 - -5229. Let f = u - 568. Calculate the greatest common divisor of f and 35.
35
Suppose 93*o + 418 = 1906. Let w be 12/(-30) - (-284)/10. Calculate the greatest common factor of o and w.
4
Let q = 100 + -58. Suppose -4*b = -6*l + 9*l - 445, 0 = -5*b + 5. Calculate the greatest common factor of l and q.
21
Suppose 3*i - 554 = -13*c + 11*c, c = 4*i + 310. What is the greatest common factor of 247 and c?
13
Let d(p) = -2*p**3 - 17*p**2 + 16*p - 167. Let r be d(-14). What is the greatest common divisor of 5 and r?
5
Let l(u) = -7*u - 6. Let m be l(6). Let w be ((-800)/m)/((-2)/(-27)). What is the greatest common factor of w and 90?
45
Suppose -86*y + 5808 = -20*y. What is the highest common divisor of 209 and y?
11
Let a(p) = 2*p**3 - 278*p**2 + 26*p + 598. Let v be a(139). Calculate the highest common factor of v and 126.
18
Suppose -4*k + 117 = -3*z, 0 = 30*k - 35*k + 2*z + 141. Calculate the highest common factor of k and 309.
3
Let x be (((-45)/(-6))/3)/(2/4). Suppose 6*y - x*y - 21 = 0. Let o(b) = -b**3 + 4*b**2 + 3*b + 9. Let n be o(4). What is the highest common factor of y and n?
21
Let d = -30 + 75. Suppose -5*o + 4*l + 63 + 13 = 0, -5*o = 5*l - 40. Suppose o*i - 216 = 4*i. Calculate the greatest common divisor of i and d.
9
Suppose -2*j + 0*j + 503 = 3*w, -5*j + 1262 = 3*w. Calculate the greatest common divisor of j and 176.
11
Suppose 3*a + 28*a - 21855 = 0. Suppose 0 = -6*s + 21 + a. Calculate the greatest common factor of 22 and s.
11
Suppose 459*z - 3225 = 416*z. Calculate the highest common factor of z and 65.
5
Suppose -968604 = -29*h + 3*h. What is the greatest common divisor of h and 42?
42
Let i(y) = y**3 - 12*y**2 + 41*y - 65. Let w be i(16). What is the highest common divisor of 475 and w?
95
Suppose 42*o + 54*o - 112*o + 42400 = 0. What is the greatest common factor of o and 212?
106
Let i be (4*1/12)/((-3)/(-468)). Suppose -i = -7*h - 24. Suppose 3*d - 4*d + 17 = -4*t, 0 = 4*d - h*t - 44. What is the highest common divisor of 27 and d?
9
Let q = 8539 + -8520. Calculate the greatest common factor of 61 and q.
1
Suppose -4*v + 136 = 3*u, -437*u - 83 = -439*u + 5*v. What is the greatest common divisor of 44 and u?
44
Let j(h) = -h**2 - 24*h - 62. Let p be j(-21). Suppose 4*a - 7 = -3*a. Calculate the greatest common divisor of p and a.
1
Let j be 207854/14 - 274/(-959). Calculate the greatest common factor of j and 303.
303
Let n = -123 - -88. Suppose 4*r - 84 = 4*s, -7*s - 4*r - 63 = -4*s. Let x = s - n. What is the highest common factor of x and 182?
14
Let v(n) = -25*n + 111. Let b be v(4). Suppose b*l - 21 = 804. Calculate the highest common divisor of l and 165.
15
Let t = 17643 - 17244. What is the highest common divisor of t and 2100?
21
Let l = -5944 + 5951. Calculate the greatest common factor of l and 504.
7
Let i be -3 - -1*(11 + 119). What is the highest common divisor of i and 635?
127
Let s be ((-10)/(-6))/(-1) + (440706/126 - 16). What is the highest common factor of s and 522?
174
Suppose 1783*l = 1799*l - 4048. Calculate the greatest common divisor of 4 and l.
1
Let f(n) = -30*n + 463. Let w be f(13). What is the highest common factor of 6424 and w?
73
Suppose 0 = -7*q + 4*q - 51. Let d = q + 93. Calculate the greatest common divisor of d and 19.
19
Suppose 0 = -d - 6*d + 2408. Let k = -97 - d. Let f = k - -765. What is the highest common factor of 36 and f?
36
Suppose -5*n + 40*b = 45*b - 25, -5*n = 3*b - 29. What is the greatest common factor of n and 19?
1
Suppose -63*o - 16605 = -68*o. What is the greatest common divisor of o and 162?
81
Suppose -27*a + 25539 + 2097 = -21*a. What is the greatest common factor of 392 and a?
98
Let i be (-18)/(15 - 14688/976). Calculate the greatest common divisor of i and 9.
3
Let r = -27 - -21. Let l be (3 + r - -3)/(-1). Suppose l*p - 3*p + 66 = 0. What is the highest common divisor of p and 22?
22
Let l be (112/(-20) + -4)/((-19)/95). What is the highest common factor of l and 324?
12
Let l be (3 + (-19)/(-5)*-1)*-5. Suppose l*u + 20 = p, p - 6 = 2*u + 6. Let t be 0 + 3*(4/p + 6). What is the greatest common divisor of 35 and t?
7
Let h(q) = -8*q**3 - 507*q**2 - 192*q - 169. Let j be h(-63). Suppose 4*o + 0*o = 1840. Suppose -4*n + 420 = -o. What is the greatest common divisor of n and j?
20
Suppose -21 = -4*m - 1. Let k be 24/40 - (-32)/m. Let s be (-3)/8 + (1215/40 - -5). What is the highest common factor of s and k?
7
Suppose -6 = -x + 62. Let j be (1547/(-26))/(35/(-10)). What is the highest common divisor of x and j?
17
Suppose 2890 = -11*k - 6*k. Let r be (-1)/6 - k/12. What is the greatest common divisor of 14 and r?
14
Suppose -82 = -27*r + 323. Suppose 3*o - r*m + 14*m - 1594 = 0, 5*o + 5*m = 2690. Calculate the greatest common factor of o and 41.
41
Let s(x) = -22*x - 169. Let t be (-20)/10*-8*3/(-6). Let j be s(t). What is the greatest common factor of 259 and j?
7
Suppose 0 = -2*t - 5*o, -4*t = -4*o - o - 30. Let r = t + -4. Let j be ((-10)/4)/r*-8. What is the greatest common factor of 180 and j?
20
Suppose -j - 12 = 3*w - 16, 2*w = 0. Suppose -3038 = j*n - 18*n. What is the highest common divisor of 31 and n?
31
Let t be (-195)/(-39) + (73 - -3). Calculate the highest common factor of t and 1593.
27
Let u = 3762 + -3749. Calculate the highest common factor of 1261 and u.
13
Let m be (-2)/(-5) + 5516/10. Suppose -4*j + 448 = -4*t, 3*j + 2*j - m = t. Let l = j - 65. What is the highest common divisor of 5 and l?
5
Let c(i) = -i**2 - 58*i + 145. Let l be c(-60). Calculate the highest common factor of l and 200.
25
Suppose 0 = -5*b + 4*b + 2*t + 28, -5*b - 3*t = -88. Let g be 14 + (-12)/b + 17/(-5). Calculate the highest common divisor of 190 and g.
10
Let k(p) = -3*p - 9. Let v be k(-10). Let b = 20 - v. Let y(h) = -23*h + 1. Let z be y(b). Calculate the highest common factor of 60 and z.
12
Let w(m) = -91*m - 4966. Let t be w(-56). Calculate the highest common divisor of t and 5265.
65
Let u be 1170/936 - 9387/(-4). Calculate the highest common divisor of u and 16.
4
Suppose 3384 = 28*d - 14*d - 2*d. Let k = -292 + 762. What is the greatest common factor of d and k?
94
Let s be 116/6 + (-4)/3. Suppose 162 = 3*j - 0*j. Calculate the highest common divisor of j and s.
18
Suppose -469568 = -412*f + 93*f. What is the highest common factor of 7912 and f?
184
Suppose 52*y = 30*y + 35178. What is the greatest common divisor of 1353 and y?
123
Suppose -4*d + 5*h + 549 = 0, 0 = -3*d + 86*h - 85*h + 409. Calculate the greatest common divisor of 4318 and d.
34
Let d = 9368 + -9214. What is the greatest common factor of 1936 and d?
22
Let n = 38 + -38. Suppose -5*b + 2*s + 832 = n, 3*s - 16 = -s. Let v = 75 - 51. What is the highest common factor of b and v?
24
Let u be ((-4)/(-5))/(3 + 164556/(-54855)). What is the highest common factor of u and 92?
92
Suppose 537 + 633 = 95*j + 220. Calculate the greatest common divisor of 482 and j.
2
Suppose 20*c + 1008 = 8*c. Let d = c + 90. What is the greatest common factor of 2 and d?
2
Let w = -7 - 0. Let k = w - -10. Sup